0 and 60.
20
Calculate the greatest common factor of 29213 and 131.
131
What is the greatest common factor of 344 and 215?
43
What is the greatest common divisor of 1617 and 363?
33
Calculate the highest common divisor of 7 and 259.
7
Calculate the greatest common divisor of 70 and 126.
14
What is the greatest common divisor of 15 and 1365?
15
Calculate the greatest common divisor of 5195 and 5.
5
What is the highest common factor of 432 and 96?
48
What is the highest common divisor of 139 and 2224?
139
Calculate the greatest common divisor of 56 and 168.
56
What is the highest common divisor of 117 and 24687?
117
Calculate the greatest common divisor of 336 and 1960.
56
Calculate the greatest common divisor of 225 and 275.
25
What is the greatest common divisor of 256 and 8?
8
What is the highest common factor of 180 and 5660?
20
What is the highest common factor of 4 and 188?
4
What is the greatest common divisor of 30 and 165?
15
Calculate the greatest common factor of 19201 and 7.
7
What is the greatest common factor of 378 and 54?
54
Calculate the highest common factor of 69 and 552.
69
What is the greatest common factor of 2 and 394?
2
What is the greatest common divisor of 41 and 7421?
41
What is the greatest common divisor of 40 and 152?
8
What is the highest common factor of 21760 and 510?
170
What is the highest common divisor of 442 and 5967?
221
Calculate the greatest common divisor of 18 and 32400.
18
What is the greatest common divisor of 105 and 21?
21
What is the highest common factor of 1947 and 354?
177
Calculate the greatest common factor of 129 and 2021.
43
What is the greatest common divisor of 30 and 7890?
30
Calculate the greatest common factor of 37502 and 34.
34
Calculate the highest common divisor of 66 and 4213.
11
Calculate the greatest common divisor of 2 and 4.
2
What is the highest common factor of 44170 and 14?
14
Calculate the highest common divisor of 228 and 48.
12
What is the greatest common divisor of 198 and 54?
18
What is the highest common divisor of 37995 and 149?
149
What is the highest common divisor of 13485 and 135?
15
What is the greatest common factor of 17 and 187?
17
What is the greatest common divisor of 17440 and 109?
109
Calculate the greatest common factor of 113 and 113.
113
Calculate the greatest common divisor of 437 and 152.
19
Calculate the highest common factor of 157 and 81797.
157
What is the greatest common factor of 18 and 34?
2
What is the greatest common divisor of 10 and 115?
5
Calculate the greatest common factor of 987 and 282.
141
What is the highest common factor of 21 and 1043?
7
Calculate the greatest common divisor of 1419 and 66.
33
Calculate the highest common factor of 27 and 3.
3
What is the highest common divisor of 138 and 14559?
69
What is the highest common factor of 19860 and 48?
12
Calculate the highest common factor of 28 and 196.
28
What is the highest common factor of 888 and 333?
111
What is the highest common factor of 15 and 6285?
15
What is the greatest common divisor of 160 and 4128?
32
What is the highest common divisor of 40 and 50?
10
What is the highest common divisor of 16 and 2?
2
Calculate the highest common factor of 6 and 1509.
3
Calculate the greatest common divisor of 59 and 531.
59
What is the greatest common divisor of 16 and 1312?
16
What is the highest common divisor of 32 and 4656?
16
Calculate the greatest common divisor of 464 and 48.
16
What is the greatest common divisor of 616 and 2408?
56
Calculate the highest common factor of 187 and 176.
11
What is the highest common divisor of 44 and 396?
44
Calculate the greatest common factor of 325 and 130.
65
Calculate the greatest common factor of 3 and 147.
3
Calculate the highest common divisor of 108 and 804.
12
Calculate the highest common factor of 234 and 32058.
234
Calculate the greatest common divisor of 928 and 2059.
29
What is the greatest common divisor of 81 and 189?
27
Calculate the greatest common factor of 56 and 3528.
56
Calculate the highest common divisor of 145 and 2581.
29
What is the greatest common divisor of 4192 and 131?
131
Calculate the highest common divisor of 12 and 3099.
3
Calculate the highest common divisor of 1225 and 25.
25
Calculate the highest common factor of 50138 and 106.
106
Calculate the greatest common divisor of 135 and 15.
15
What is the greatest common divisor of 27 and 9369?
27
What is the greatest common factor of 312 and 102?
6
Calculate the highest common divisor of 31740 and 60.
60
What is the highest common factor of 86932 and 412?
412
What is the greatest common divisor of 3 and 15?
3
What is the greatest common factor of 1302 and 84?
42
Calculate the greatest common divisor of 22 and 26.
2
What is the highest common factor of 24 and 180?
12
Calculate the highest common divisor of 760 and 120.
40
What is the greatest common divisor of 21293 and 321?
107
What is the highest common divisor of 39 and 3?
3
Calculate the greatest common divisor of 105 and 931.
7
Calculate the highest common divisor of 15 and 54.
3
Calculate the highest common factor of 52 and 1664.
52
Calculate the greatest common factor of 429 and 6.
3
What is the highest common divisor of 217 and 91?
7
Calculate the highest common divisor of 64 and 1136.
16
Calculate the greatest common factor of 10 and 430.
10
Calculate the highest common divisor of 80 and 70.
10
Calculate the highest common factor of 456 and 32224.
152
Calculate the greatest common factor of 25 and 80.
5
Calculate the highest common factor of 120 and 216.
24
Calculate the greatest common factor of 360 and 50.
10
What is the greatest common divisor of 944 and 24?
8
What is the greatest common divisor of 41 and 1312?
41
Calculate the highest common divisor of 1131 and 609.
87
What is the greatest common factor of 100 and 15100?
100
What is the highest common divisor of 1320 and 33?
33
Calculate the greatest common factor of 306 and 522.
18
Calculate the greatest common divisor of 58 and 6554.
58
What is the highest common divisor of 57 and 39387?
57
Calculate the greatest common factor of 465 and 60.
15
What is the highest common factor of 36 and 396?
36
What is the highest common factor of 11 and 1199?
11
Calculate the greatest common factor of 8 and 408.
8
Calculate the highest common divisor of 23 and 207.
23
What is the greatest common divisor of 1012 and 989?
23
Calculate the highest common divisor of 610 and 40.
10
What is the greatest common factor of 342 and 3648?
114
What is the highest common factor of 85 and 34?
17
What is the highest common factor of 14 and 126?
14
What is the highest common factor of 12 and 2748?
12
Calculate the highest common divisor of 17 and 2686.
17
What is the greatest common factor of 52 and 4?
4
What is the highest common divisor of 45 and 150?
15
Calculate the highest common factor of 24 and 1164.
12
What is the highest common divisor of 188 and 8084?
188
Calculate the highest common factor of 116 and 3799.
29
Calculate the highest common factor of 17 and 1037.
17
Calculate the greatest common divisor of 38 and 6.
2
What is the highest common divisor of 2 and 29?
1
What is the greatest common divisor of 2134 and 22?
22
Calculate the greatest common factor of 133 and 35.
7
Calculate the greatest common divisor of 11 and 1804.
11
Calculate the highest common factor of 179 and 895.
179
Calculate the greatest common factor of 14 and 56.
14
What is the highest common factor of 21 and 4?
1
Calculate the greatest common factor of 1444 and 8.
4
Calculate the highest common divisor of 9 and 123.
3
What is the highest common factor of 145 and 90?
5
What is the greatest common divisor of 207 and 23?
23
What is the highest common factor of 49 and 84?
7
Calculate the highest common factor of 33 and 15.
3
Calculate the highest common factor of 245 and 420.
35
What is the highest common divisor of 47 and 12032?
47
What is the greatest common factor of 10520 and 200?
40
What is the greatest common divisor of 15 and 12?
3
What is the highest common factor of 14351 and 254?
127
What is the highest common divisor of 960 and 156?
12
What is the highest common divisor of 5048 and 8?
8
Calculate the greatest common divisor of 12 and 2628.
12
Calculate the highest common factor of 24 and 6